 = v**2 - 2*v + 4. Let q be a(12). Let k(i) = -3*i**3 - i - 1. Let p be k(-1). Suppose -p*t - 13 + q = 0. Is t a prime number?
True
Let d(p) = 49*p**3 + 8*p - 11. Is d(2) a composite number?
False
Suppose -7*m - 2*p = -2*m - 2237, 3*p - 3 = 0. Is m a prime number?
False
Let f = 450 + -77. Is f prime?
True
Let n be (-3 + -1)/(-2) + -11. Let q be 46/3*n/6. Let l = q + 33. Is l a composite number?
True
Let x be 5/(2/(-8)*-1). Let d = x + -13. Is d prime?
True
Suppose 0 = 2*d - 2*y - 4, d + 5*y + 3 = -1. Is (-2 + d)*(-447)/3 a prime number?
True
Let j(c) = c**2 - 6*c + 8. Let r be j(6). Is ((-382)/4)/(r/(-16)) composite?
False
Let k = 0 - -43. Is k a prime number?
True
Suppose -5*f - 723 = -5*s - 3*f, f = -4*s + 568. Let q = s + -84. Is q a composite number?
False
Suppose 5*g - 5248 + 1298 = -5*r, -2*g - 1600 = -2*r. Suppose -y + r = 4*y. Is y prime?
False
Let q be (2 + 0)*1*687. Suppose w = -4*n - 2*w + q, -3*n = -5*w - 1016. Let r = 491 - n. Is r a composite number?
False
Let t(x) = -x**2 + 4*x - 5. Let w be t(3). Let g(q) = -11*q**3 - 3*q**2 - 6*q - 2. Is g(w) a prime number?
False
Suppose -4*c - 3*y + 590 + 143 = 0, 3*c = 3*y + 576. Is c a composite number?
True
Suppose -4*m - 16 = -0*o - 5*o, 2*o + 5*m = 13. Suppose o*c - 43 = 3*c. Is c a composite number?
False
Let f(h) = -74*h + 1. Let s(j) = -j - 3. Let b be s(0). Is f(b) a prime number?
True
Let f(o) be the third derivative of o**6/120 + o**5/12 + o**4/24 + o**3/6 + o**2. Let a be (4/(-5))/((-4)/(-20)). Is f(a) a prime number?
True
Let i = 4 + 8. Suppose u - 16 = -4*b, 4*b - 3*u - i = 4. Suppose 5*y + 56 = b*j, -2*j + 3*y + y = -22. Is j a composite number?
False
Let i(v) = v - 2. Let f be i(0). Let s(z) = -z - 1 + 2*z**2 - z + 0*z**3 + z**3 - 2*z**3. Is s(f) a composite number?
False
Let g(t) = t + 12. Let k be g(0). Suppose 4*w = -3*i + 20, -i + 3*w - k = 3. Suppose -6*o + 4*o + 70 = i. Is o composite?
True
Suppose 5*q + 2117 = 3*v - 0*v, 715 = v + 3*q. Is v prime?
True
Suppose -4*g - g + 1197 = -2*x, 2*g + 5*x = 473. Is g prime?
True
Let j = -133 - -256. Is j prime?
False
Suppose -617 = -4*t + 747. Is t a composite number?
True
Suppose -4*x = -2*j - 44, 5*j = 5*x - 83 + 18. Is (x/(-2) + 3)*-38 composite?
True
Let d(j) = 61*j**2 + 8*j + 2. Is d(5) prime?
True
Let u(m) = 2*m**2 + 2*m + 1. Let t(x) = -x**3 + 9*x**2 + 14*x - 12. Let d be t(10). Let z be (-14)/(-35) - d/(-5). Is u(z) prime?
False
Let r = -12 - -11. Is (r - (-235)/2)*2 a prime number?
True
Let n = 330 - -163. Is n prime?
False
Suppose 0 = v - 4*h - 268, 4*h + 0*h = 2*v - 520. Suppose 88 = y + o - 4*o, -5*o - v = -3*y. Is y a composite number?
False
Let d(p) = 2*p**2 - 18*p - 25. Is d(-8) a prime number?
False
Let h(p) = -12*p**2 + 1. Let u be h(-1). Let t = -2 + 28. Let w = t + u. Is w prime?
False
Let i(g) = -26*g - 35. Is i(-16) a prime number?
False
Let b be (-4)/(1/123*6). Let z = 413 + b. Is z composite?
False
Let h(a) = a**3 + a + 2. Let v be h(0). Let i(t) be the second derivative of t**5/5 + t**3/3 + t**2/2 - t. Is i(v) composite?
False
Let i be (-3)/3 - (-7 - -1). Let n(p) = -5*p**3 - 4*p**2 - p - 4. Let h be n(-3). Suppose -2*q - i*f + 53 = q, -3*q + 4*f + h = 0. Is q prime?
False
Let m = 42 + -22. Suppose -3*l + 0*l + m = -5*u, 46 = 5*l - 2*u. Is (15/l)/(3/20) composite?
True
Let s = -1 + 101. Let x = s + -15. Is x a composite number?
True
Let b(o) = -41*o + 3. Let m be b(-4). Suppose -3*t + 569 = m. Suppose 2*p - 5*d = 129, 0 = -0*p + 2*p - 4*d - t. Is p prime?
False
Let g = 17 + -12. Suppose g*b - 2*b = 75. Is b a prime number?
False
Let p(a) = -a**3 + 20*a**2 + 23*a + 27. Is p(20) composite?
False
Let b(n) = -5*n**2 + 4*n + 6. Let j be b(5). Let f = -22 - j. Is f prime?
False
Let z(r) = r**3 - 4*r**2 + 9*r - 11. Let j = 9 - 4. Is z(j) a composite number?
False
Suppose 0*p - 5*p + 9305 = 0. Is p composite?
False
Let v(m) = -m - 2 - 3*m**2 - 7*m - m. Let r be v(-8). Let p = r + 285. Is p a composite number?
False
Let p(q) = 18*q - 1. Let a(m) = 36*m - 3. Let w(t) = 3*a(t) - 5*p(t). Let x(k) = 17*k - 3. Let o(b) = -4*w(b) + 5*x(b). Is o(6) composite?
False
Suppose -b + 25 + 694 = 0. Is b a prime number?
True
Let v = -4042 + 6221. Is v prime?
True
Let l = 1 + 8. Let w = 4 + -6. Is ((-3)/l)/(w/150) a composite number?
True
Suppose -4*p = -3*u + 353, 2*u - 9*p - 241 = -12*p. Is u prime?
False
Let s be ((-8)/(-6))/(2/78). Suppose -5*k = 25, -4*v - s = -k - 653. Is v composite?
False
Suppose -5*h + 16 = -9. Is (-1 - (-7)/h)*145 a prime number?
False
Let a be (-2)/(-6) - 6/(-9). Is (-68 - -1)*(-1)/a prime?
True
Let d(h) = h**3 + 8*h**2 - 11*h + 6. Let t be d(-9). Is 2 + 2 + t + 3 composite?
False
Let n(b) = b**3 - 10*b**2 + 10*b - 9. Let r be n(9). Suppose 5*s - 465 + 80 = r. Is s composite?
True
Suppose 5*g - g = 836. Is g composite?
True
Let i(r) = -5*r + 14. Is i(-9) a composite number?
False
Suppose -4 = 2*w + 6. Let g(q) = -q. Let t be g(w). Suppose -2*u + 190 = t*z + 3*u, u = -3*z + 112. Is z composite?
False
Suppose 886 = 24*x - 22*x. Is x composite?
False
Suppose -2*y = 3*y. Suppose y = -w + 3. Is ((-268)/(-8))/(w/6) composite?
False
Let x(u) = 20*u**2 - 2*u + 4. Suppose 1 - 7 = -2*p. Is x(p) a composite number?
True
Let t(k) = -11*k**2 + 4*k - 2. Let j be t(3). Let o be 2 + -1 + j + 1. Let l = o - -126. Is l prime?
False
Let p(l) = 156*l**2 - l + 2. Is p(-5) prime?
True
Let i = 140 + 915. Is i composite?
True
Let n(i) = i - 1. Let p be n(-5). Is 2/p - (-650)/15 a composite number?
False
Suppose -m = 4*a - 10, 4*a - 6*a - 5*m = -14. Suppose 133 = a*z - 149. Is z a composite number?
True
Suppose 3*k + 1 = -11, -208 = -3*m + k. Suppose -m = 2*b - 184. Is b prime?
False
Let x(b) = b + 1. Let u(c) = 132*c + 5. Let i(z) = u(z) - 5*x(z). Is i(1) composite?
False
Let y(d) = d**2 - 6*d + 5. Let m be y(4). Is m/(-2)*282/9 a prime number?
True
Let a(r) = -3*r**2 + 1 + 2*r**2 + 1 - 5*r. Let d be a(-4). Is (0 + 174)*d/12 a composite number?
True
Suppose 63*z = 62*z + 1906. Is z a prime number?
False
Let d be (-1)/(-2 + (-7044)/(-3524)). Suppose 0 = -p - 2*p - j + d, -5*p - 3*j = -1471. Is p prime?
True
Suppose -c = -2*z - 2*c - 3, -z + 3 = -c. Suppose z*m + 10 = 5*m. Is m*((-93)/(-6) + 2) composite?
True
Let v(z) = -3*z - 63. Let s(h) = -16*h - 314. Let r(o) = 2*s(o) - 11*v(o). Is r(0) prime?
False
Let m(s) = -s + 10. Let o be m(7). Suppose 0 = -2*y + y + 4*x + 12, o*y + 4*x = 4. Is y composite?
True
Suppose -d + z + 0*z = -61, 64 = d - 2*z. Is d a prime number?
False
Suppose 0 = -3*z - 5*q + 3232, 6*z + 1094 = 7*z + 5*q. Is z composite?
False
Let f = 642 + -173. Is f a prime number?
False
Is (2 + -3)/((4/374)/(-2)) a composite number?
True
Suppose 2*c = 3*w + 2194, -5*c + w = -0*w - 5485. Is c prime?
True
Suppose -18*u - 16808 = -26*u. Is u prime?
False
Is (-3)/(-6) + 2135/10 a prime number?
False
Let b = 25 + -17. Is (-2)/b - (-2125)/20 prime?
False
Let z(o) = o**2 - 4*o - 5. Let f be z(5). Let b be f/((-3)/((-6)/(-4))). Suppose 2*d - 2*i = -b*i + 26, -3*i - 9 = 0. Is d a composite number?
True
Suppose -3*q + 209 + 130 = 0. Is q prime?
True
Let x(k) = -k**3 + 2*k**3 + 4*k + 3*k**2 + 4 + 3 + 6*k**2. Is x(-6) composite?
True
Suppose 0 = -3*q + 12852 + 16281. Is 6/(-8) + q/36 composite?
False
Suppose -94 = -5*k + 4*k. Suppose -5*g - 195 = -5*s - 0*g, 0 = 2*s + 2*g - k. Is s a composite number?
False
Is 4 + 417/2 + (-1)/(-2) prime?
False
Let n be (-35)/(304/102 + -3). Suppose -4*a + 331 = -n. Is a a composite number?
True
Let s be 4/10 - (-333)/5. Suppose 0*n = -2*n - 0*n. Let k = s + n. Is k a prime number?
True
Suppose 0*b - 2*o + 1280 = 2*b, 5*b = o + 3170. Is b prime?
False
Suppose -743 = -2*v - 5*m + 161, 2*m + 1375 = 3*v. Is v a prime number?
True
Let g(x) be the first derivative of -x**4/2 - 4*x**3/3 + x - 2. Is g(-3) a composite number?
False
Let y = 4 - -27. Is y a prime number?
True
Let h(t) be the second derivative of t**5/20 + t**4/12 - t**3/3 + t**2 + 3*t. Let u be 2/(-6)*(-7 - -1). Is h(u) a composite number?
True
Suppose 2*d = 3*o - 351, 4*o - 2*d - 457 = -3*d. Is o a prime number?
False
Let f = 93 - 59. Is f composite?
True
Suppose -v = -b - 31, -3*v + 6*v + b - 93 = 0. Let f = -9 + v. Is f a composite number?
True
Let g(l) = -l - 4. Let a be g(-6). Suppose -4*w + 7*w = 150. Suppose 2*z - 2*t = a*t + w, -